n 3352 is divided by 11.
8
Calculate the remainder when 3736 is divided by 10.
6
What is the remainder when 502 is divided by 42?
40
What is the remainder when 180 is divided by 83?
14
What is the remainder when 397 is divided by 19?
17
What is the remainder when 1197 is divided by 202?
187
What is the remainder when 306 is divided by 65?
46
What is the remainder when 629 is divided by 111?
74
Calculate the remainder when 6309 is divided by 41.
36
What is the remainder when 280 is divided by 4?
0
What is the remainder when 567 is divided by 52?
47
What is the remainder when 86 is divided by 35?
16
What is the remainder when 739 is divided by 10?
9
What is the remainder when 645 is divided by 202?
39
Calculate the remainder when 82 is divided by 41.
0
What is the remainder when 202 is divided by 67?
1
Calculate the remainder when 44 is divided by 36.
8
Calculate the remainder when 49 is divided by 42.
7
What is the remainder when 2481 is divided by 22?
17
What is the remainder when 35719 is divided by 81?
79
What is the remainder when 500 is divided by 85?
75
What is the remainder when 6149 is divided by 171?
164
What is the remainder when 129 is divided by 26?
25
Calculate the remainder when 1111 is divided by 93.
88
Calculate the remainder when 163 is divided by 18.
1
Calculate the remainder when 21928 is divided by 91.
88
What is the remainder when 68 is divided by 34?
0
Calculate the remainder when 2810 is divided by 97.
94
Calculate the remainder when 1581 is divided by 11.
8
Calculate the remainder when 247 is divided by 86.
75
Calculate the remainder when 1030 is divided by 256.
6
What is the remainder when 167 is divided by 5?
2
What is the remainder when 121 is divided by 25?
21
Calculate the remainder when 1970 is divided by 38.
32
What is the remainder when 52 is divided by 44?
8
Calculate the remainder when 193 is divided by 5.
3
What is the remainder when 32 is divided by 15?
2
What is the remainder when 1112 is divided by 225?
212
What is the remainder when 44 is divided by 23?
21
Calculate the remainder when 506 is divided by 39.
38
What is the remainder when 1852 is divided by 916?
20
Calculate the remainder when 168 is divided by 13.
12
Calculate the remainder when 508 is divided by 500.
8
What is the remainder when 279 is divided by 73?
60
What is the remainder when 51 is divided by 15?
6
Calculate the remainder when 422 is divided by 17.
14
Calculate the remainder when 3019 is divided by 126.
121
What is the remainder when 707 is divided by 56?
35
Calculate the remainder when 503 is divided by 172.
159
What is the remainder when 134 is divided by 39?
17
Calculate the remainder when 1085 is divided by 227.
177
What is the remainder when 33 is divided by 6?
3
Calculate the remainder when 3462 is divided by 14.
4
Calculate the remainder when 1480 is divided by 48.
40
Calculate the remainder when 299 is divided by 57.
14
Calculate the remainder when 1108 is divided by 37.
35
What is the remainder when 75 is divided by 4?
3
Calculate the remainder when 186 is divided by 48.
42
Calculate the remainder when 47 is divided by 37.
10
Calculate the remainder when 1122 is divided by 15.
12
What is the remainder when 212 is divided by 27?
23
Calculate the remainder when 295 is divided by 75.
70
Calculate the remainder when 423 is divided by 33.
27
What is the remainder when 1105 is divided by 31?
20
Calculate the remainder when 441 is divided by 99.
45
Calculate the remainder when 133 is divided by 27.
25
What is the remainder when 50 is divided by 27?
23
Calculate the remainder when 480 is divided by 96.
0
What is the remainder when 649 is divided by 20?
9
Calculate the remainder when 1036 is divided by 24.
4
Calculate the remainder when 518 is divided by 132.
122
Calculate the remainder when 116 is divided by 19.
2
Calculate the remainder when 1237 is divided by 29.
19
Calculate the remainder when 6 is divided by 2.
0
Calculate the remainder when 546 is divided by 176.
18
Calculate the remainder when 269 is divided by 93.
83
Calculate the remainder when 110 is divided by 24.
14
What is the remainder when 214 is divided by 160?
54
Calculate the remainder when 6914 is divided by 1725.
14
What is the remainder when 844 is divided by 277?
13
What is the remainder when 168 is divided by 10?
8
What is the remainder when 680 is divided by 673?
7
Calculate the remainder when 131 is divided by 33.
32
What is the remainder when 15813 is divided by 4?
1
What is the remainder when 637 is divided by 633?
4
What is the remainder when 65 is divided by 3?
2
What is the remainder when 1781 is divided by 356?
1
Calculate the remainder when 355 is divided by 36.
31
What is the remainder when 111 is divided by 40?
31
What is the remainder when 517 is divided by 49?
27
Calculate the remainder when 59348 is divided by 73.
72
Calculate the remainder when 971 is divided by 53.
17
What is the remainder when 336 is divided by 34?
30
Calculate the remainder when 5921 is divided by 75.
71
Calculate the remainder when 3044 is divided by 105.
104
What is the remainder when 3616 is divided by 47?
44
What is the remainder when 1851 is divided by 109?
107
Calculate the remainder when 682 is divided by 682.
0
What is the remainder when 25 is divided by 11?
3
What is the remainder when 95 is divided by 51?
44
Calculate the remainder when 1617 is divided by 537.
6
Calculate the remainder when 196 is divided by 18.
16
What is the remainder when 6256 is divided by 7?
5
Calculate the remainder when 28 is divided by 13.
2
Calculate the remainder when 371 is divided by 11.
8
What is the remainder when 403 is divided by 69?
58
Calculate the remainder when 226 is divided by 51.
22
What is the remainder when 112 is divided by 38?
36
Calculate the remainder when 148 is divided by 69.
10
What is the remainder when 669 is divided by 15?
9
Calculate the remainder when 21 is divided by 3.
0
What is the remainder when 8913 is divided by 182?
177
Calculate the remainder when 216 is divided by 59.
39
What is the remainder when 2149 is divided by 196?
189
What is the remainder when 98 is divided by 9?
8
What is the remainder when 127 is divided by 35?
22
What is the remainder when 4054 is divided by 12?
10
Calculate the remainder when 1121 is divided by 39.
29
What is the remainder when 542 is divided by 91?
87
What is the remainder when 1545 is divided by 1539?
6
Calculate the remainder when 1660 is divided by 153.
130
Calculate the remainder when 102 is divided by 13.
11
Calculate the remainder when 869 is divided by 852.
17
Calculate the remainder when 524 is divided by 31.
28
What is the remainder when 3020 is divided by 72?
68
What is the remainder when 89 is divided by 12?
5
Calculate the remainder when 426 is divided by 36.
30
Calculate the remainder when 35 is divided by 11.
2
What is the remainder when 179 is divided by 6?
5
What is the remainder when 152 is divided by 20?
12
Calculate the remainder when 385 is divided by 32.
1
What is the remainder when 719 is divided by 30?
29
What is the remainder when 152 is divided by 17?
16
Calculate the remainder when 781 is divided by 16.
13
What is the remainder when 3741 is divided by 16?
13
Calculate the remainder when 170 is divided by 61.
48
What is the remainder when 174 is divided by 9?
3
What is the remainder when 175 is divided by 17?
5
What is the remainder when 445 is divided by 406?
39
What is the remainder when 788 is divided by 24?
20
Calculate the remainder when 274 is divided by 254.
20
What is the remainder when 257 is divided by 10?
7
What is the remainder when 1585 is divided by 106?
101
What is the remainder when 155 is divided by 4?
3
Calculate the remainder when 3917 is divided by 38.
3
Calculate the remainder when 79 is divided by 37.
5
Calculate the remainder when 276 is divided by 40.
36
What is the remainder when 232 is divided by 130?
102
What is the remainder when 694 is divided by 20?
14
What is the remainder when 1154 is divided by 68?
66
Calculate the remainder when 239 is divided by 51.
35
Calculate the remainder when 509 is divided by 130.
119
What is the remainder when 160 is divided by 27?
25
Calculate the remainder when 296 is divided by 27.
26
Calculate the remainder when 84 is divided by 57.
27
W